 = -2*p**2 - 19*p - 52. Let a be n(-3). What is the units digit of g(a)?
1
Suppose -8*j = 18 - 42. Suppose -j*g + 508 = -0*g + 2*x, 0 = -2*g + x + 348. What is the units digit of g?
2
Let b be -2*2/24 - (-246326)/372. Suppose b = 3*d + f, -1102 = -5*d - f - 2*f. What is the hundreds digit of d?
2
Let q = 29814 + -17500. Suppose 7*v = -2990 + q. What is the thousands digit of v?
1
Suppose 15*p - 16557 = 4023. Let o = p - 335. What is the hundreds digit of o?
0
What is the thousands digit of 388/873*207450/4?
3
Let n(r) = -13 + 31*r**2 - 4*r**2 + 45*r - 2*r**3 + 32*r**2. What is the units digit of n(30)?
7
Let c(k) = 6*k**3 + 4*k**2 - k - 1. Let r be c(-3). Let s(u) = -29*u**2 + 733*u + 7. Let b be s(25). Let a = r + b. What is the tens digit of a?
8
Suppose 0 = -15*b - 55 + 325. Suppose -17*y + b*y = 148. What is the units digit of y?
8
Let j = -293 - -153. Let h = 799 + j. What is the tens digit of h?
5
Let r(k) = 24*k - 14. Let s(h) = h + 2. Let p(z) = -r(z) - 5*s(z). What is the tens digit of p(-3)?
9
Suppose -531*w + 762*w - 10007844 = 0. What is the tens digit of w?
2
Let n be 9*(-4 + (-3)/(-3)). Let c = 268 + n. Suppose 6*k = 209 + c. What is the tens digit of k?
7
Suppose 203*w = 189*w + 8736. What is the units digit of w?
4
Suppose 6*y = 3 + 9. Suppose -5*m - n = -34, -y = -m + n + 6. Suppose 3*j + 3 = 2*j - p, -4*j - m = 3*p. What is the units digit of j?
2
Suppose 0 = -4*r - n + 1148, -6*r = -4*r - 5*n - 574. Suppose -u = -r - 11. Suppose -w + u = 4*i - 2*w, -2*i = -4*w - 142. What is the units digit of i?
5
Suppose 32*o = -3*n + 28*o + 26797, 0 = 4*n + 3*o - 35741. What is the hundreds digit of n?
9
Let b = 23776 - -5963. What is the ten thousands digit of b?
2
Let p(s) = 11*s**2 - 11*s - 340. What is the thousands digit of p(26)?
6
Let z(v) = -61*v**3 - 2*v**2 - v + 3. Let y be z(1). Let t = y - -422. What is the hundreds digit of t?
3
Let b(g) = 21*g**3 + 6*g**2 + 35*g - 286. What is the tens digit of b(6)?
7
What is the tens digit of 13/91 - ((-40)/(-14))/(-1) - -677?
8
What is the tens digit of (198863/14)/((-42)/(-84))?
0
Let q be (4 - -36) + 48/(-8). What is the units digit of (q/68)/((-1)/(-6)) + 1237?
0
Suppose -18749 - 274232 = -31*s. What is the units digit of s?
1
Let z(a) = 10*a - 117. Let q be z(12). Suppose q*l + m = 2294, l + 451 = 2*m + 1211. What is the tens digit of l?
6
Suppose 1084163 = 285*w - 561997. What is the tens digit of w?
7
Suppose 0 = 5*l + 3*a - 308, -2*l + 0*l + a = -121. Suppose -6*m = -l - 191. Suppose -2*d + 380 = m. What is the units digit of d?
9
Let u = -29 + 31. Suppose h - 3*m = 87, -u*m = -5*h + 4*h + 82. What is the units digit of h?
2
Let v = 18 - 99. Let n be 3/9 - ((-494)/(-6) - 2). Let g = n - v. What is the units digit of g?
1
Suppose 209714 = 99*b - 216085. What is the tens digit of b?
0
Let i(m) = 8*m**2 - 3*m + 1. Let h be i(1). Let f(z) = -z**3 + 7*z**2 - 7*z + 6. Let c be f(h). Suppose c = 3*u - 126. What is the tens digit of u?
4
Let o(r) = r**2 + 15*r - 2. Let w be o(-15). Let t be (-3)/6 + w/(-4). Suppose t = 4*k - 58 - 38. What is the units digit of k?
4
Let z be -5 - -1634 - 5 - -2. Let i = -1143 + z. What is the units digit of i?
3
Let u be (-6)/4*(-5)/((-5)/(-2)). Suppose 3*q + 1217 + 190 = u*v, 0 = -v + 3*q + 459. What is the hundreds digit of v?
4
Let d = 428 + -305. Let j be -3 - (d - 1)*-1. Let g = -15 + j. What is the units digit of g?
4
Let k(m) = -m**3 - 57*m**2 - 162*m + 132. Let r be k(-54). Suppose -5*y = -36 + 11. Suppose -i - 202 = -5*v + 2*i, -4*v = y*i - r. What is the units digit of v?
8
Suppose -4*q = -3*w + 40466, -3*q + 13494 = w + q. What is the ten thousands digit of w?
1
Let d(k) = 4*k + 54. Let c be d(-8). Let b = 20 - c. What is the units digit of (-249)/b*(-16)/(-12)?
6
Let k(b) = 41*b**2 - 2*b - 227. What is the units digit of k(10)?
3
Suppose -2*v = 4*t - 19730, 2*t + 3*v + 1487 = 11362. What is the thousands digit of t?
4
Suppose -19*k = -873 - 856. Suppose -q - 3*t = -0*q - 8, -12 = -2*q - 2*t. Suppose -5*r = -f + q*f - 280, -4*r = -f + k. What is the units digit of f?
5
Let x = 831 - 239. Suppose x = 8*h - 1088. What is the hundreds digit of h?
2
Let s(o) = 827*o**2 + o + 1. Let p be s(1). What is the tens digit of (0 + 1)*p - (128 - 132)?
3
Suppose -7*o + 11 = -17. Let k be 5*-2*16/o. What is the units digit of 1988/16 + (-5)/(k/(-2))?
4
Suppose -j + 385 = -20. Let r = j - -267. What is the hundreds digit of r?
6
Let z(o) = 341*o - 5539. What is the units digit of z(57)?
8
Let s = 113 + -25. Let t = s - -104. What is the tens digit of t?
9
Let m(l) = -5*l**3 + l**2 + 2*l - 2. Let b be m(1). Let o be b/(-6)*1089/22. Suppose -2*a + 319 = o. What is the hundreds digit of a?
1
Suppose -2*d - 5*h = -41, 2*d - 2*h - 7 = d. Suppose 489 = -d*v + 16*v. What is the tens digit of v?
6
Let f be ((-4)/(-14))/(112/5096). Let v(g) be the third derivative of 7*g**4/24 + 26*g**3/3 - g**2. What is the tens digit of v(f)?
4
Suppose 5 + 3 = 4*f. Let m be (f/4)/(1/(-50)). What is the units digit of (6 + -3)*(2 - m)?
1
Let q = 114 - 114. Suppose 680 = 5*g + 3*o, q = -4*o + o - 15. Suppose c = g + 52. What is the units digit of c?
1
Suppose -13*v + 16*v = -5*z + 5032, 4*v = -3*z + 6702. What is the units digit of v?
4
Suppose -39*v - 112021 + 858622 = -427026. What is the units digit of v?
3
Let n = -248 + 250. Suppose n*h = 3*g + 656 + 247, 5*g = 4*h - 1809. What is the hundreds digit of h?
4
Let k = 215 + 6611. Suppose -5*r - 1620 = -x, -4*r - k + 378 = -4*x. What is the thousands digit of x?
1
Suppose -2*y + 102154 = 5*j, -15*y - 61296 = -3*j - 18*y. What is the thousands digit of j?
0
Let o(t) = -16*t**2 + 18*t**2 + 713 + 7*t**3 - 709 - t. Suppose 2*w = 3*w - 2. What is the units digit of o(w)?
6
Suppose -7*f + 6*f = -3*y + 118, -4*y - 8 = 0. Let s = -108 - f. What is the tens digit of s?
1
Suppose 2*z = 3*n - 4*n + 306, -3*n - 477 = -3*z. Let k = z - 390. What is the hundreds digit of (2 + k + 0)*-1?
2
What is the hundreds digit of (-4)/14 + (-378570)/(-35) + 20 + -23?
8
Let g(l) be the first derivative of l**4/4 - 38*l**3/3 + 2*l**2 + 52*l - 98. What is the units digit of g(38)?
4
Suppose 5*g + 5 = 0, 61556 = u + 1098*g - 1103*g. What is the hundreds digit of u?
5
What is the hundreds digit of (-45)/((-3105)/(-92))*(-3 - 18876)?
1
Let h = 3 - 12. Let w = -1102 + 1150. Let y = w - h. What is the units digit of y?
7
Let k(s) = s**3 + 107*s**2 + 325*s - 246. What is the thousands digit of k(-103)?
8
What is the tens digit of (-3775)/2*((-6)/(-51) + (-836)/170)?
6
Suppose -43*j - 1528816 = -71*j - 124*j. What is the tens digit of j?
5
Let y(g) = 77*g**2 - 147*g + 5. What is the units digit of y(16)?
5
Let r(p) = -p**2 - p - 1. Let d be ((-6 - -7)/(-1))/((-2)/6). Let c(w) = -8*w**2 - 8*w + 1. Let z(n) = d*r(n) - c(n). What is the tens digit of z(3)?
5
Let j be ((-2)/3 - (-795)/45)/1. Suppose 70*q = j*q + 57770. What is the thousands digit of q?
1
Suppose 28*b - 31*b = -6. Let u be b/(-8) + 90/8. What is the tens digit of (1/2)/(u/902)?
4
Let f be (-5)/(-10) - (-10)/4 - 10. Let x(z) = -216*z - 536. What is the units digit of x(f)?
6
Let s be (((-6)/(-9))/1)/((-5)/(-30)). Suppose -3*w + 3151 = k - 0*k, s*k + 8 = 0. What is the hundreds digit of w?
0
Let l = -13231 + 16269. What is the tens digit of l?
3
Let y(k) = -k**3 - 10. Let i be y(0). What is the units digit of (-16)/20 - 7888/i?
8
Let k be (18/21)/(48/224). Suppose 0 = -3*z - k*w + 1922, -2*z + 8*w + 1272 = 6*w. What is the hundreds digit of z?
6
Let z(v) = 3 + 5*v**2 - v + 2*v - 5. Suppose 16 = 5*m + 6. What is the units digit of z(m)?
0
Suppose 31 + 77 = 9*s. Suppose -22*d + 5*m = -17*d - 850, -4*m = -s. What is the hundreds digit of d?
1
Let x(r) = 5*r**3 - 82*r**2 + r + 13. What is the units digit of x(20)?
3
Let j(a) = -a**2 + 5*a - 4. Suppose 3*s + 16 = b, -3*b = 2*s - s - 8. Let g be j(b). Suppose 5*x - 813 - 242 = g. What is the hundreds digit of x?
2
Let t = -10782 + 12479. What is the units digit of t?
7
Let r be (2556/(-27))/(1/(-18)). Let n = -149 + r. What is the thousands digit of n?
1
Let s = -90 - -93. Suppose -j - 2*k = -8, -3*j + s*k - k + 24 = 0. What is the units digit of 1/((-10)/(-378)) + j/40?
8
Let j be 2/(-4)*(-148)/12*-6. Let g = -19 - j. Suppose -17*w - 1 = -g*w. What is the units 